remainder when y(s) is divided by 14.
10
Let z be ((-156)/(-26))/(2*1). Suppose z*n - 6 = 0, 3*n + 13 = 3*s - 5. What is the remainder when 31 is divided by s?
7
Suppose 18*a - 159 = 13*a + s, 5*a + 2*s - 162 = 0. Calculate the remainder when 3324 is divided by a.
28
Suppose 20*c - 80 = 15*c. Suppose c*b + 385 = 1089. Calculate the remainder when b is divided by 10.
4
Suppose -2*s - 10 = 0, -z - 4*z + s + 195 = 0. Suppose -7*b - 7*b + 182 = 0. Calculate the remainder when z is divided by b.
12
Suppose -35*b + 31*b - 5*w + 2637 = 0, -w + 1986 = 3*b. Let n = -609 + b. Calculate the remainder when 142 is divided by n.
34
Let n be -1*1/(0 - 1). Let c be -3*9/(-54) - 13/2. Let v = n - c. Calculate the remainder when 41 is divided by v.
6
Suppose 5*s + 3*x - 16 = 0, 2*s - 4*s = x - 6. Suppose 3*f + r = 4, 0 = s*r + 1 + 3. Suppose f*y - 16 = 30. Calculate the remainder when 88 is divided by y.
19
Let n(y) = -y**3 - 3*y**2 + 15*y - 9. Suppose -772 + 700 = 8*u. What is the remainder when n(u) is divided by 4?
2
Suppose -4*l + 513 = 3*f, 6*l + 3*f = 8*l - 279. Suppose 10*y = 9*y + l. Suppose y = 4*u + 28. What is the remainder when 101 is divided by u?
23
Calculate the remainder when 600/(16/4)*(-14)/(-5) is divided by 404.
16
Suppose -5*v + 447 - 262 = 0. Suppose -8 - 587 = -5*p. What is the remainder when p is divided by v?
8
Let n(g) = g**2 - 16*g - 16. Let h(v) = v**3 + 6*v**2 - 13*v - 22. Let f be h(-7). Calculate the remainder when n(f) is divided by 22.
20
Suppose 10*g = 22 + 258. Let n(o) = 7*o - 1. Let y be n(1). Let v = y - -76. Calculate the remainder when v is divided by g.
26
Suppose -250 = -4*b + 5*v, 189 = 3*b - 25*v + 22*v. What is the remainder when 210 is divided by b?
15
Let y be (20 - 21)*(-46)/1. Suppose 59 = g + y. What is the remainder when 36 is divided by g?
10
Suppose 0 = 11*m - y - 6948, -636 = -110*m + 109*m - y. What is the remainder when m is divided by 78?
8
Suppose -25*u + 30*u - 47 = -o, -o = 2*u - 44. Calculate the remainder when o is divided by 6.
0
Suppose -3*d = -5*w + 61 - 278, -119 = 3*w + d. Let a = 69 + w. Let x = 52 - a. Calculate the remainder when x is divided by 10.
4
Let q = -38 - -344. Suppose 5*v - 510 = -3*f, -2*v - 5*f = -5*v + q. What is the remainder when v is divided by 57?
45
Suppose 3*p = 4*g - 11, 3*p + 4 = p + 2*g. Suppose p*z + 7 = z - 5*d, 3*d = -3*z + 3. Suppose z*k = 11*k - 112. What is the remainder when k is divided by 10?
6
Let d(n) = 6*n**2 - 21*n. Let o(s) = 3*s**3 - 5*s**2 + 4*s - 8. Let p be o(2). What is the remainder when 92 is divided by d(p)?
8
Let f be 7/3 - (-4)/6. Suppose f*c - 36 = -120. Let w = c + 43. Calculate the remainder when 59 is divided by w.
14
Suppose -104*f - 12 = -58*f - 4198. Let w(v) = -15*v**3 + v**2. Calculate the remainder when f is divided by w(-1).
11
Let n = 4 - -7. Suppose 3*j + 4*t - 9 = 0, -7*j - 4*t + n = -6*j. Let v(c) = -118*c - 4. Calculate the remainder when v(j) is divided by 29.
27
Suppose 4*u + u + 5*m - 910 = 0, -180 = -u - 3*m. Suppose 5*z - t + 3 - u = 0, 205 = 5*z + 4*t. Calculate the remainder when 368 is divided by z.
35
What is the remainder when (12 + 1196/(-65))*-25 is divided by 42?
34
Let v = 13274 + -13190. What is the remainder when 259 is divided by v?
7
What is the remainder when (33 + (-1068)/36)*(-9114)/(-5) is divided by 190?
186
Suppose 3*f + 4*z = -f + 24, 0 = 3*z. Let y(r) = -r**3 + 28*r - 1. What is the remainder when y(-6) is divided by -2*((-51)/f - -2)?
8
Let w(h) = 3*h**3 + 11*h**2 - 57*h. Calculate the remainder when 438 is divided by w(4).
18
Suppose 0*w + w = -28. Let a = 153 + -134. What is the remainder when 6/(-21) + (-1016)/w is divided by a?
17
Suppose -5*g = -3*g - 166. Suppose 16102 = 21*h - 6095. Suppose -8*l + h = 833. What is the remainder when g is divided by l?
27
Let q(z) = -2*z + 7. Let h = 3 + -3. Let j = 11 - h. Calculate the remainder when j is divided by q(0).
4
Suppose 5*w = -3*b + 4, w + 2*b = -b + 8. Let l be 6/(-5)*((-113)/3 - w). Suppose 26 = 5*u - l. What is the remainder when u is divided by 5?
4
Suppose -12*q + 2 = -46. Suppose o + 9 = w, 0*o - q*w = 2*o - 12. Calculate the remainder when 59 is divided by (o/(-6))/((-5)/(-120)).
11
Suppose 2*p + 3*o - 41 = 0, -7*p = -2*p + 4*o - 120. Suppose -p = -3*y + 26. Calculate the remainder when 1/(-4)*-4 + 276/4 is divided by y.
16
Let a = 3908 + -3849. Calculate the remainder when 611 is divided by a.
21
Suppose -5*d = -2*d - 153. Suppose -d - 65 = -4*f. Let r = -34 - -52. Calculate the remainder when f is divided by r.
11
Let j(b) = -b**3 - 11 + 2 + 11*b**2 + 19*b - 10*b - 8*b. Let m = 525 + -518. Calculate the remainder when m is divided by j(11).
1
What is the remainder when 1540 is divided by (-37)/222*-9*368/6?
68
Let j = 8 + -5. Suppose -m - 98 = -j*o + m, 16 = -4*m. Let a = o + -27. What is the remainder when 6 is divided by a?
0
Suppose 3*l - 181 = -5*n + 159, -108 = -l + n. Let c = 346 + -314. Calculate the remainder when l is divided by c.
14
Let t(j) = -j**3 - 17*j**2 - 18*j - 16. Let i = -31 - -15. Suppose 272 = 3*f + 35. What is the remainder when f is divided by t(i)?
15
Let k = 2185 - 2179. What is the remainder when 15 is divided by k?
3
Let j = 36 + -34. Let q be j/(-2*(1 - 0))*44. Let h = q - -47. What is the remainder when h is divided by 3?
0
Suppose -6*r - 31 + 49 = 0. Suppose -r*o = 2*a - 157, 3*o + a = 4*o - 49. What is the remainder when 254 is divided by o?
50
Let m(d) = -2*d**2 + 3*d - 2. Let t be m(-8). Let g = -360 - t. Let q = g - -305. What is the remainder when q is divided by 17?
14
Let t(s) = -s**3 + 37*s**2 + 46*s - 273. What is the remainder when 11686 is divided by t(38)?
30
Let b = -26 - -54. Suppose -n = 5*x - 90, -12 + 37 = -5*n. Let d = b - x. Calculate the remainder when 16 is divided by d.
7
Let z = 6987 + -6821. What is the remainder when 332 is divided by z?
0
Let w = -562 + 566. Let y(b) = -b**3 - b**2 + b + 17. Let u be y(0). Calculate the remainder when 1 + (u - 3) - 2 is divided by w.
1
Let t = 10888 + -10771. What is the remainder when 8071 is divided by t?
115
Suppose 71*x - 60*x = -143. What is the remainder when x/(715/(-10)) + 3954/33 is divided by 11?
10
Let a be (4 - 3)*5 + -4. What is the remainder when 399 is divided by a/4 + (-10982)/(-136)?
75
Let x(q) = 7*q - 3. Suppose 2*k + 4*i + 16 = 0, -4*k + 2*i + 2 = 24. Let m be x(k). Let g = m - -120. Calculate the remainder when g is divided by 23.
6
Let x(l) = 2*l**2 + 4*l + 2. Let h be x(3). Suppose -9 + h = v. Calculate the remainder when v is divided by 3.
2
Let g(p) = 50*p + 447. Calculate the remainder when g(-7) is divided by 38.
21
Suppose 69*f - 73*f = 32. Let l(j) = -4*j**2 - 47*j - 21. Calculate the remainder when l(f) is divided by 18.
9
Let v(t) = -3 + 2*t + 1 + 2. What is the remainder when 3/(-2)*(-6432)/144 is divided by v(7)?
11
Suppose 10*w = -5*y + 13*w - 35, 0 = 3*y - 3*w + 27. Calculate the remainder when y/(40/(-30)) + 6*10 is divided by 32.
31
Let m = 136 + -66. Let k = 42 - 73. Let g = k + 49. What is the remainder when m is divided by g?
16
Let o(y) = -y**2 + 14*y - 13. Let s = 42 - 29. Let d be o(s). Suppose 4*w + p - 15 = d, 7*w - 3*p = 3*w + 3. Calculate the remainder when w is divided by 2.
1
Suppose 511*t + 288 = 535*t. Let p = 370 + -532. Let u = 16 - p. What is the remainder when u is divided by t?
10
Let i(o) = o**3 + 32*o**2 + 2*o + 33. Let d be i(-32). Let y(s) = -2*s + 47. What is the remainder when y(d) is divided by 22?
21
Suppose -10*c - 220 = -17*c - n, -c + 4*n = -19. Calculate the remainder when 770 is divided by c.
26
Let o(m) = 11*m**2 - 199*m + 762. Calculate the remainder when 500 is divided by o(4).
74
Let z(k) = -2*k + 18. Suppose -390 = 4*r - 69*r. What is the remainder when r is divided by z(8)?
0
Let n = 456 - 278. Let h(b) = b**3 + 2*b**2 - 4*b + 2. Let w be h(1). What is the remainder when n is divided by (-15)/(-25) + (-114)/(-10)*w?
10
Let f be (3 + -18)*(-10)/(-15). Calculate the remainder when (23 - 13)*(-198)/f is divided by 50.
48
Let m(r) = -r**3 - 29*r**2 - 77*r + 36. What is the remainder when 152 is divided by m(-26)?
2
Let c = -281 + 596. Suppose o - 8*o + c = 0. Suppose 5*y = 2*s + 13 - o, 17 = s - 3*y. What is the remainder when 120 is divided by s?
10
Let p = 3546 - 3524. What is